9
List the prime factors of 1911.
3, 7, 13
List the prime factors of 52448.
2, 11, 149
What are the prime factors of 18010?
2, 5, 1801
What are the prime factors of 9518?
2, 4759
List the prime factors of 6816.
2, 3, 71
List the prime factors of 54467.
7, 31, 251
What are the prime factors of 7526?
2, 53, 71
List the prime factors of 1966.
2, 983
List the prime factors of 64207.
11, 13, 449
List the prime factors of 3491.
3491
What are the prime factors of 985?
5, 197
What are the prime factors of 57237?
3, 19079
What are the prime factors of 1087?
1087
What are the prime factors of 5393?
5393
What are the prime factors of 10584?
2, 3, 7
List the prime factors of 153.
3, 17
What are the prime factors of 2085?
3, 5, 139
List the prime factors of 570.
2, 3, 5, 19
What are the prime factors of 11263?
7, 1609
List the prime factors of 1423.
1423
List the prime factors of 117051.
3, 11, 3547
List the prime factors of 35042.
2, 7, 2503
List the prime factors of 368.
2, 23
List the prime factors of 6751.
43, 157
List the prime factors of 6537.
3, 2179
What are the prime factors of 9619?
9619
List the prime factors of 1511.
1511
What are the prime factors of 55523?
13, 4271
What are the prime factors of 923?
13, 71
What are the prime factors of 1813?
7, 37
List the prime factors of 383.
383
List the prime factors of 6389.
6389
What are the prime factors of 925?
5, 37
What are the prime factors of 664?
2, 83
What are the prime factors of 9867?
3, 11, 13, 23
What are the prime factors of 31414?
2, 113, 139
List the prime factors of 2876.
2, 719
What are the prime factors of 9765?
3, 5, 7, 31
List the prime factors of 11772.
2, 3, 109
List the prime factors of 5750.
2, 5, 23
List the prime factors of 6039.
3, 11, 61
List the prime factors of 156869.
103, 1523
What are the prime factors of 45415?
5, 31, 293
List the prime factors of 924.
2, 3, 7, 11
What are the prime factors of 8891?
17, 523
List the prime factors of 21924.
2, 3, 7, 29
What are the prime factors of 66274?
2, 13, 2549
What are the prime factors of 7345?
5, 13, 113
What are the prime factors of 13904?
2, 11, 79
What are the prime factors of 102445?
5, 7, 2927
What are the prime factors of 139167?
3, 7, 47
List the prime factors of 5873.
7, 839
What are the prime factors of 55400?
2, 5, 277
List the prime factors of 8653.
17, 509
List the prime factors of 781.
11, 71
List the prime factors of 792.
2, 3, 11
List the prime factors of 800.
2, 5
What are the prime factors of 139?
139
List the prime factors of 7352.
2, 919
List the prime factors of 19526.
2, 13, 751
List the prime factors of 39060.
2, 3, 5, 7, 31
List the prime factors of 10140.
2, 3, 5, 13
List the prime factors of 547.
547
List the prime factors of 55823.
55823
What are the prime factors of 7095?
3, 5, 11, 43
What are the prime factors of 7012?
2, 1753
List the prime factors of 10432.
2, 163
List the prime factors of 9311.
9311
List the prime factors of 32433.
3, 19, 569
List the prime factors of 772.
2, 193
List the prime factors of 6373.
6373
What are the prime factors of 7455?
3, 5, 7, 71
List the prime factors of 2297.
2297
List the prime factors of 1000.
2, 5
What are the prime factors of 172040?
2, 5, 11, 17, 23
List the prime factors of 5478.
2, 3, 11, 83
List the prime factors of 18987.
3, 6329
List the prime factors of 2245.
5, 449
What are the prime factors of 25576?
2, 23, 139
List the prime factors of 5988.
2, 3, 499
What are the prime factors of 2558?
2, 1279
List the prime factors of 75513.
3, 25171
What are the prime factors of 1207?
17, 71
List the prime factors of 12.
2, 3
List the prime factors of 8007.
3, 17, 157
List the prime factors of 1220.
2, 5, 61
What are the prime factors of 4226?
2, 2113
List the prime factors of 22639.
22639
List the prime factors of 103991.
103991
List the prime factors of 174262.
2, 11, 89
What are the prime factors of 3316?
2, 829
What are the prime factors of 11338?
2, 5669
What are the prime factors of 5042?
2, 2521
List the prime factors of 1635.
3, 5, 109
List the prime factors of 26187.
3, 7, 29, 43
List the prime factors of 4870.
2, 5, 487
What are the prime factors of 243?
3
List the prime factors of 14230.
2, 5, 1423
What are the prime factors of 1896?
2, 3, 79
What are the prime factors of 1765?
5, 353
List the prime factors of 9471.
3, 7, 11, 41
What are the prime factors of 1471?
1471
List the prime factors of 8004.
2, 3, 23, 29
List the prime factors of 12906.
2, 3, 239
List the prime factors of 124002.
2, 3, 83
List the prime factors of 1008.
2, 3, 7
What are the prime factors of 30311?
17, 1783
What are the prime factors of 4213?
11, 383
What are the prime factors of 6509?
23, 283
List the prime factors of 2172.
2, 3, 181
What are the prime factors of 3373?
3373
What are the prime factors of 73938?
2, 3, 12323
List the prime factors of 2840.
2, 5, 71
What are the prime factors of 43392?
2, 3, 113
What are the prime factors of 1063?
1063
What are the prime factors of 398?
2, 199
List the prime factors of 1528.
2, 191
List the prime factors of 4686.
2, 3, 11, 71
What are the prime factors of 1782?
2, 3, 11
What are the prime factors of 7229?
7229
List the prime factors of 78559.
13, 6043
List the prime factors of 146256.
2, 3, 11, 277
What are the prime factors of 2423?
2423
List the prime factors of 363.
3, 11
What are the prime factors of 2289?
3, 7, 109
What are the prime factors of 20485?
5, 17, 241
What are the prime factors of 7161?
3, 7, 11, 31
What are the prime factors of 21573?
3, 17, 47
What are the prime factors of 159707?
159707
What are the prime factors of 3381?
3, 7, 23
List the prime factors of 9132.
2, 3, 761
List the prime factors of 94299.
3, 17, 43
List the prime factors of 4504.
2, 563
List the prime factors of 708.
2, 3, 59
List the prime factors of 8150.
2, 5, 163
What are the prime factors of 29453?
29453
List the prime factors of 12343.
12343
List the prime factors of 1272.
2, 3, 53
What are the prime factors of 374?
2, 11, 17
What are the prime factors of 69972?
2, 3, 7, 17
List the prime factors of 42244.
2, 59, 179
What are the prime factors of 24647?
7, 503
What are the prime factors of 138909?
3, 19, 2437
What are the prime factors of 373?
373
List the prime factors of 17939.
17939
List the prime factors of 26684.
2, 7, 953
List the prime factors of 700.
2, 5, 7
What are the prime factors of 18092?
2, 4523
List the prime factors of 441.
3, 7
List the prime factors of 89616.
2, 3, 1867
List the prime factors of 6851.
13, 17, 31
What are the prime factors of 24432?
2, 3, 509
List the prime factors of 1378.
2, 13, 53
What are the prime factors of 5227?
5227
List the prime factors of 3291.
3, 1097
List the prime factors of 44318.
2, 22159
What are the prime factors of 78475?
5, 43, 73
List the prime factors of 6.
2, 3
List the prime factors of 153.
3, 17
What are the prime factors of 2053?
2053
List the prime factors of 47450.
2, 5, 13, 73
List the prime factors of 5759.
13, 443
List the prime factors of 92740.
2, 5, 4637
List the prime factors of 922.
2, 461
What are the prime factors of 102885?
3, 5, 19
What are the prime factors of 24073?
7, 19, 181
List the prime factors of 4168.
2, 521
What are the prime factors of 9907?
9907
List the prime factors of 7071.
3, 2357
List the prime factors of 27911.
13, 19, 113
List the prime factors of 575.
5, 23
What are the prime factors of 2197?
13
List the prime factors of 5947.
19, 313
List the prime factors of 2455.
5, 491
What are the prime factors of 9579?
3, 31, 103
List the prime factors of 1691.
19, 89
What are the prime factors of 2186?
2, 1093
What are the prime factors of 736?
2, 23
What are the prime factors of 1079?
13, 83
List the prime factors of 1473.
3, 491
List the prime factors of 12258.
2, 3, 227
List the prime factors of 25331.
73, 347
What are the prime factors of 2414?
2, 17, 71
What are the prime factors of 1549?
1549
What are the prime factors of 10263?
3, 11, 311
What are the prime factors of 910?
2, 5, 7, 13
What are the prime factors of 261?
3, 29
List the prime factors of 5481.
3, 7, 29
List the prime factors of 31536.
2, 3, 73
What are the prime factors of 54913?
89, 617
List the prime factors of 29662.
2, 14831
What are the prime factors of 399?
3, 7, 19
What are t